u) = -u**2 - 57*u - 657. What is o(-19)?
65
Let r(d) = 4*d**3 + 490*d**2 + 239*d - 676. Give r(-122).
-66
Let c(d) = d**3 - 7*d**2 + 11*d - 2. Give c(3).
-5
Let t(m) = -3*m + 430. Calculate t(136).
22
Let j(a) = -2343*a - 12. Calculate j(0).
-12
Let c(p) = -1196*p + 46. What is c(0)?
46
Let f(s) = -7*s**2 - 20*s - 22. Calculate f(-6).
-154
Let r(t) = -53*t**2 + 2742*t + 721. Calculate r(52).
-7
Let v(s) = -s**3 - 24*s**2 + 257*s + 1. Determine v(-32).
-31
Let q(l) = -2*l**3 - 46*l**2 - 21*l - 38. Determine q(-22).
-544
Let h(y) = y**3 + 7*y**2 + 548*y - 1134. Give h(2).
-2
Let s(l) = -1223*l - 1336. What is s(-1)?
-113
Let c(r) = 54*r + 316. What is c(-6)?
-8
Let y(o) = 2*o**3 - 4*o**2 - 7*o + 6. Give y(6).
252
Let b(k) = 55*k - 4979. Calculate b(91).
26
Let c(i) = -i**3 - 13*i**2 + 12*i - 4. Give c(0).
-4
Let n(d) = -d**3 + 83*d**2 + 534*d + 6. Give n(-6).
6
Let l(f) = f**3 - 25*f**2 + 48*f + 30. What is l(23)?
76
Let n(b) = -b**2 + 4518*b + 54351. Give n(-12).
-9
Let r(g) = -2*g**2 + 144*g + 201. What is r(73)?
55
Let l(m) = 3*m**2 - 160*m + 268. Give l(51).
-89
Let o(l) = l**3 - 78*l**2 - 1093*l + 1163. Determine o(90).
-7
Let g(d) = -d**3 + 13*d**2 + 3*d - 33. What is g(9)?
318
Let f(q) = -88*q - 3880. Give f(-44).
-8
Let a(x) = -5*x**3 + 96*x**2 - 21*x - 46. What is a(19)?
-84
Let q(u) = u**3 - 28*u**2 - 169*u + 45. What is q(33)?
-87
Let w(s) = 68*s + 1933. Calculate w(-28).
29
Let b(v) = -16*v**2 - 557*v + 44. Calculate b(-35).
-61
Let v(j) = 13*j**2 - 83*j - 165. Calculate v(-2).
53
Let f(d) = -98*d - 684. Give f(-7).
2
Let u(a) = 4*a**2 + 86*a - 4640. What is u(25)?
10
Let p(x) = -2*x**3 + 69*x**2 - 145*x - 476. Determine p(32).
4
Let x(h) = 24*h - 1361. Calculate x(53).
-89
Let h(l) = -l**3 - 5*l**2 + 8*l - 15. Determine h(-8).
113
Let v(m) = 9*m + 510. Give v(-58).
-12
Let l(d) = -466*d**2 - 3723*d + 34. Give l(-8).
-6
Let c(o) = -o**3 - 5*o**2 + 38*o + 152. What is c(-8)?
40
Let i(h) = -7*h**2 - 84*h + 93. Give i(-13).
2
Let p(i) = -i**2 + 8*i + 44. Calculate p(11).
11
Let j(b) = 7*b**2 - 19*b + 18. Calculate j(1).
6
Let s(k) = -19*k - 444. Give s(-23).
-7
Let v(w) = -5*w**2 + 7*w + 29. Give v(3).
5
Let o(z) = z**3 + 123*z**2 + 252*z + 22. Calculate o(-2).
2
Let z(c) = 4*c**3 - c**2 + 2*c - 14. What is z(3)?
91
Let s(r) = 2306*r - 6921. Give s(3).
-3
Let p(n) = -7*n + 483. What is p(56)?
91
Let h(t) = t**2 + 180*t + 2341. Calculate h(-14).
17
Let g(c) = -2*c**2 - 268*c + 24. Determine g(0).
24
Let q(f) = 560*f - 7831. Determine q(14).
9
Let n(l) = -314*l + 1297. Determine n(4).
41
Let f(y) = -y**3 - 33*y**2 - 85*y + 240. Calculate f(-30).
90
Let c(q) = 22*q**3 + 84*q**2 - 5*q + 6. Calculate c(-4).
-38
Let i(h) = -6*h + 35. Determine i(0).
35
Let u(a) = -a**3 - 11*a**2 + 49*a + 333. Determine u(-9).
-270
Let j(u) = u**3 + 15*u**2 + 2*u - 96. Determine j(-13).
216
Let b(o) = 170*o + 1180. What is b(-7)?
-10
Let t(l) = -l**3 - 6*l**2 + 26*l + 49. What is t(-6)?
-107
Let h(w) = 10*w**3 + 33*w**2 + 32*w + 2. Determine h(-1).
-7
Let x(i) = 2*i**3 + 9*i**2 - 27*i - 164. What is x(-7)?
-220
Let u(p) = 111*p + 2164. What is u(-18)?
166
Let w(c) = -14*c - 139. Calculate w(-10).
1
Let r(b) = 95*b + 356. Calculate r(-4).
-24
Let y(d) = -49*d - 1712. Give y(-35).
3
Let s(d) = -2*d**2 - 94*d - 499. Give s(-36).
293
Let n(p) = -75*p**2 - 16*p - 15. Determine n(-1).
-74
Let o(i) = i**2 - 19*i - 2. Calculate o(-1).
18
Let g(r) = 46*r + 2715. What is g(-59)?
1
Let g(u) = -209*u - 1245. Give g(-6).
9
Let y(k) = 9*k**2 - k - 10. Give y(-3).
74
Let x(c) = 359*c - 2220. Calculate x(7).
293
Let q(c) = 337*c + 462. What is q(-2)?
-212
Let y(x) = x**3 + 17*x**2 - 21*x + 751. Determine y(-20).
-29
Let t(q) = -12*q - 84. Calculate t(3).
-120
Let v(l) = -2*l**3 - 197*l**2 + 96*l - 308. Give v(-99).
-11
Let u(d) = -3*d**2 + 32*d + 11. Determine u(11).
0
Let d(k) = k**3 - 7*k**2 + 65*k - 573. Calculate d(8).
11
Let i(f) = f**3 + 19*f**2 - 58*f + 187. Give i(-22).
11
Let s(m) = 10*m + 22. What is s(12)?
142
Let n(t) = -t**3 + 315*t**2 + 4632*t - 8556. Calculate n(329).
-2
Let a(f) = -18*f**2 - 233*f + 1167. Determine a(5).
-448
Let b(p) = 41*p + 207. Calculate b(-6).
-39
Let k(x) = x**3 - 9*x**2 - 35*x + 293. What is k(9)?
-22
Let a(m) = -m**3 + 17*m**2 - 23*m - 41. Calculate a(16).
-153
Let w(k) = 708*k + 8502. Calculate w(-12).
6
Let a(u) = 164*u - 43. Give a(-1).
-207
Let c(x) = 5*x + 45. Give c(-15).
-30
Let g(s) = -29*s - 310. What is g(-8)?
-78
Let y(x) = 233*x + 10510. Give y(-45).
25
Let y(v) = -56*v + 402. What is y(7)?
10
Let p(i) = -i**2 + 16*i + 317. Determine p(24).
125
Let o(r) = -66*r - 1909. Give o(-29).
5
Let b(o) = -o**2 + o + 64. Determine b(-6).
22
Let l(a) = a**3 - 6*a**2 + 83*a - 396. What is l(5)?
-6
Let z(f) = 2*f + 191. What is z(-33)?
125
Let i(f) = f**2 + 5*f - 647. What is i(-25)?
-147
Let b(k) = k**2 - 129. Give b(13).
40
Let j(i) = -i**3 + 31*i**2 - 25*i - 168. Calculate j(30).
-18
Let k(m) = -3*m**2 + 102*m + 617. What is k(39)?
32
Let j(c) = c**2 + 10*c + 8. Give j(-8).
-8
Let x(w) = -25*w - 37. Give x(-5).
88
Let b(i) = -1584*i + 11120. Give b(7).
32
Let z(y) = 323*y - 5519. Calculate z(18).
295
Let s(c) = 218*c - 24. Calculate s(3).
630
Let z(d) = -d**3 + 5*d**2 + 14*d - 8. What is z(4)?
64
Let p(r) = -44*r + 529. What is p(10)?
89
Let u(o) = o**2 - 93*o + 1334. Give u(74).
-72
Let c(m) = m**3 - 16*m**2 + 4*m - 62. Determine c(16).
2
Let t(r) = -6*r - 392. Calculate t(-16).
-296
Let i(f) = -f**3 + 24*f**2 + 144*f - 12. Determine i(-5).
-7
Let k(i) = 2*i**3 + 23*i**2 + 24*i - 38. What is k(-10)?
22
Let x(o) = 2*o**2 - 643*o + 7202. What is x(11)?
371
Let k(x) = -236*x**2 - 8*x - 8. Determine k(-1).
-236
Let m(y) = -1037*y + 7292. Give m(7).
33
Let x(r) = -7*r**3 - 14*r**2 + 6*r + 24. Give x(-2).
12
Let a(v) = 2*v**2 - 76*v - 326. What is a(42)?
10
Let b(w) = -40*w - 630. What is b(-17)?
50
Let g(j) = 10*j - 764. Calculate g(0).
-764
Let k(f) = -f**3 + 881*f**2 - 4384*f - 3. What is k(5)?
-23
Let r(m) = -4*m**2 - 63*m + 7. What is r(-18)?
-155
Let w(y) = -4*y**2 - 10*y - 11. What is w(-4)?
-35
Let c(b) = 2*b**2 + 26*b - 16986. Determine c(86).
42
Let m(i) = i**2 - 26*i - 91. Determine m(-4).
29
Let r(j) = -9*j - 166. Determine r(-41).
203
Let w(m) = -m**2 + 7*m + 16. Determine w(-11).
-182
Let x(p) = p**3 + 25*p**2 + 100*p - 8. What is x(-20)?
-8
Let h(v) = -v**3 - 8*v**2 + 9*v + 83. Give h(-7).
-29
Let y(a) = a**2 - 21*a - 59. Calculate y(20).
-79
Let c(o) = -o**2 - 20*o - 4. Give c(-19).
15
Let s(o) = -o**3 - 20*o**2 - 38*o - 1075. Give s(-21).
164
Let f(y) = y**2 - 61*y - 108. Give f(61).
-108
Let q(t) = -t**2 + 140*t - 3670. Calculate q(35).
5
Let m(v) = 9*v**3 - 3*v**2 - 4*v + 6. What is m(3)?
210
Let x(g) = -80*g - 1282. Give x(-16).
-2
Let x(g) = 65*g + 1. Calculate x(1).
66
Let o(h) = 4*h**2 + 118*h - 123. What is o(-28)?
-291
Let f(k) = 139*k + 159. Calculate f(0).
159
Let i(v) = v**3 - 15*v**2 + 17*v - 60. Give i(14).
-18
Let n(b) = 6*b**2 + 433*b + 4946. Determine n(-58).
16
Let x(w) = -47*w + 1445. What is x(28)?
129
Let k(y) = 2*y**2 + 42*y - 145. Calculate k(-20).
-185
Let k(w) = 7*w + 164. Determine k(-24).
-4
Let u(p) = -p**2 - 77*p + 776. Give u(-86).
2
Let o(m) = 19*m**3 + 15*m**2 - 2*m - 1. Determine o(-2).
-89
Let s(r) = -4*r**3 + 2*r**2 - 8. Give s(3).
-98
Let h(m) = -1315*m + 2619. Give h(2).
-11
Let w(f) = -f**3 - 48*f**2 - 53*f - 231. What is w(-47)?
51
Let x(g) = 6*g + 62. What is x(10)?
122
Let p(j) = j**3 + 20*j**2 + 34*j - 1. Give p(-18).
35
Let t(z) = 11*z - 270. Give t(22).
-28
Let j(m) = 12*m**2 + 77*m + 107. Calculate j(-4).
-9
Let h(k) = -5*k**2 - 267*k + 811. What is h(3)?
-35
Let s(t) = -t**3 + 65*t**2 - 242*t - 125. Give s(61).
-3
Let r(j) = 2*j**2 + 15*j + 53. Calculate r(-12).
161
Let v(l) = -l**2 - 116*l - 864. Calculate v(-8).
0
Let j(z) = 170*z - 324. Give j(2).
16
Let o(u) = -2085*u + 64623. Calculate o(31).
-12
Let v(h) = -h**2 + 546*h - 2716. Give v(5).
-11
Let p(w) = -206*w**2 - 615*w - 6. Calculate p(-3).
-15
Let z(l) = -2*l**3 + 7*l**2 + 34*l - 5. What is z(8)?
-309
Let x(m) = -5*m + 114. Determine x(23).
-1
Let z(t) = -63*t + 2840. What is z(45)?
5
Let t(g) = 2*g**2 + 26*g + 17. Calculate t(-11).
-27
Let g(d) = -17*d**2 - 220*d - 14. Determine g(0).
-14
Let f(k) = -2940*k + 1471